 -4*q - 2*g. Let c(x) = x**3 - 3*x**2 - 12*x - 8. Let o be c(q). What is the highest common divisor of o and 14?
14
Suppose 0 = -y - 5*m + 17, -9*y - 2*m = -11*y - 2. Let h(c) = 6*c**2 - c - 2. Let l be h(y). Calculate the greatest common factor of 100 and l.
20
Suppose -i - 6*i = -434. Calculate the highest common divisor of 403 and i.
31
Suppose 256*f - 160 = 248*f. What is the greatest common divisor of f and 980?
20
Suppose -8 = -6*l - 14. Let p be (280/(-21))/(2/6 + l). Calculate the greatest common factor of 8 and p.
4
Let z = 235 + -130. What is the greatest common divisor of 5 and z?
5
Let l be (-2)/(-6) - 4*(-62)/12. Let a be (0 + 1)/(-3)*-6. Suppose w + w - 10 = 0, -r + 178 = a*w. Calculate the greatest common factor of r and l.
21
Let g(m) = m**2 + 6*m - 10. Let i be g(-8). Let n be 161 + -161 - 1*-6. What is the highest common divisor of n and i?
6
Let l be 27/6*(-2)/(-3). Suppose -4*t = -7*t + 2*v + 14, 0 = -t - 3*v + 1. Let q be (54/60 - t/10)*2. Calculate the highest common divisor of l and q.
1
Suppose 21*s - 556 = 11*s - 206. Suppose 6*f = f + 35. Calculate the highest common divisor of s and f.
7
Let j be -1 + 5 - (-2 - -2). Let b = j - -9. Suppose 5*t - 455 = 2*l, 3*t + 2*l = 5*l + 273. What is the highest common factor of b and t?
13
Suppose -a - 299 = -959. What is the greatest common divisor of 66 and a?
66
Let c = -5 - -9. Suppose c*y - 10 = 6. Suppose y*p - 2 = 3*p. What is the highest common divisor of p and 6?
2
Suppose 15 = 5*b + 2*a, 2*b = -b - 2*a + 9. Let z be (-21)/(-28) + ((-228)/(-16) - 0). What is the greatest common factor of b and z?
3
Let m be ((-7)/3)/(1/(-3)). Suppose 0 = -8*a + 150 - 142. Calculate the highest common divisor of a and m.
1
Let k be -3 - 9*(-5)/1. Let o = -2 + k. Let w be -2*15/9*-3. What is the highest common factor of o and w?
10
Let v(f) = f**2 + 6*f. Suppose 5*j - 299 = -k, -k + 5*j = 4*k - 1375. Let s be 8/52 - k/39. Let q be v(s). What is the highest common divisor of q and 77?
7
Let m(n) = -2*n**2 + 21*n + 120. Let f be m(0). What is the greatest common divisor of 15 and f?
15
Suppose 4*f = -c - 0*c + 123, -5*f - 2*c + 153 = 0. Suppose 2*y = 17 + f. Calculate the greatest common divisor of y and 60.
12
Let h be (5/(-2) + 2)*-78. Calculate the greatest common factor of 429 and h.
39
Let h be -5 - (16 - 4)/(-3). Let l be 58 - (-2)/(-1)*h. What is the highest common factor of 40 and l?
20
Let m be 1/(-1 + 0) + -9. Suppose 2*o + l + 67 = 10, -4*o - 117 = l. Let p = m - o. What is the highest common divisor of 10 and p?
10
Let h(b) = 42*b**3 + b**2 - 6*b - 7. Let v be h(-3). Let c be 4/8 - v/4. What is the greatest common divisor of c and 31?
31
Let o be (8 - (-2489)/(-76))*(-8)/6. What is the highest common factor of 198 and o?
33
Let j be 3218/8 + 6/(-24). Let y = 636 - j. Suppose 5*o + 2*r = 134, -2*o - 2*o + 100 = -2*r. Calculate the highest common divisor of o and y.
26
Let q(o) = o**3 + 7*o**2 + 7*o. Let w be q(-5). Let b = w - 12. Let a = b + 65. Calculate the greatest common factor of a and 17.
17
Suppose -6*l - 4 = k - 9*l, -k + 5*l = 10. Suppose 4*z = z + 9, j - 3*z + k = 0. Suppose 2*m - 27 + 7 = 0. What is the highest common divisor of j and m?
2
Let x(q) = -q**2 - 9*q + 7. Let l be x(-10). Let m be (99/12)/(l/(-64)). What is the highest common divisor of m and 22?
22
Let w = -56 - -121. Suppose -w = 5*s - 10*s. Suppose -159 = -4*h - 3*j, -j - 4*j - 190 = -5*h. Calculate the greatest common factor of h and s.
13
Let a be 333/15 - 1/5. Suppose 0 = 3*z - 2*z - t - 7, -4*z - 4*t - 12 = 0. What is the highest common factor of a and z?
2
Let l be 84/2*(-4 - -5). What is the greatest common factor of l and 322?
14
Let w(x) = 48*x**3 + x**2. Suppose -2*z - 3 = -5*z. Let p be w(z). What is the highest common divisor of 7 and p?
7
Suppose -8 = 4*f - 4*y, -y - y = 2*f - 12. Suppose -15 - 35 = -5*h + 5*t, h + f*t - 25 = 0. What is the highest common divisor of 135 and h?
15
Let i(h) = h**2 + 17*h - 25. Let o be i(-25). Calculate the greatest common divisor of 280 and o.
35
Let o = -5 + 15. Let u be 2*(-1)/(-2) + 1. Calculate the greatest common divisor of o and u.
2
Let b = 444 - 274. Suppose -259*l - 77*l + 22848 = 0. What is the greatest common factor of l and b?
34
Let c(d) = 4*d**2 + d + 2. Let x be c(3). Suppose -21*u + 64 + 41 = 0. Suppose -r + x = 3*f, u*r - 3*r - 10 = 0. What is the highest common divisor of f and 36?
12
Suppose 14*i - 2233 = 2765. Calculate the greatest common divisor of i and 51.
51
Suppose 5*z - 2 = 8. Let r(c) = -2*c**2 + 8*c + 2. Let a = -81 + 85. Let l be r(a). What is the highest common factor of z and l?
2
Suppose i - 3*i - 3*p + 1130 = 0, -5*i + 2825 = p. Suppose 275 = 5*u - i. Calculate the greatest common factor of 21 and u.
21
Let c(x) = -x**2 + 3*x + 13. Let h be c(4). Let d be (-9)/((4/72)/((-1)/2)). Calculate the highest common divisor of d and h.
9
Let b(u) = -u**2 + 7*u - 3. Let t be b(5). Let i = 31 - t. Suppose 4*c = 21 + 3. What is the greatest common divisor of i and c?
6
Let w(v) = -3*v**2 + 4*v - 5. Let h be w(3). Let a = -12 - h. Let c(q) = 2*q - 6. Let b be c(a). Calculate the greatest common divisor of b and 2.
2
Let j(i) = -2*i + 106. Let q be j(26). What is the highest common factor of q and 108?
54
Let u be -10*(-45)/(-12)*(4 - 12). Calculate the highest common divisor of u and 40.
20
Let s(q) = -9*q - 5. Let h be s(-6). Let u be 6 - (4 + -1 + 2). Let r = u - -6. Calculate the highest common divisor of r and h.
7
Suppose 9073 = 14*c - 14489. What is the highest common divisor of c and 297?
99
Suppose 485*c = 486*c - 3. What is the highest common factor of 51 and c?
3
Let i(o) = -o**2 + 8*o - 9. Let b be i(7). Let t be (-15)/(-25) - b/5. Suppose 2*n + 4 = 10. Calculate the greatest common divisor of t and n.
1
Let b = 141 - -66. Calculate the greatest common factor of b and 138.
69
Let q = 17 - 16. Suppose 0 = -v + d + q + 5, 0 = -v - 5*d - 6. What is the highest common divisor of v and 44?
4
Suppose 0 = 4*f + j - 48, 48 = 4*f + 4*j - j. What is the highest common divisor of f and 420?
12
Let z be 1 - (3 - (4 + 2)). Suppose -2*w - w + 2*f + 53 = 0, -5*w - z*f = -125. Let b = w - 5. Calculate the greatest common divisor of b and 48.
16
Let q(b) = -b**2 + 5*b + 14. Let s be q(-7). Let l be ((-32)/20)/(4/s). What is the highest common divisor of l and 28?
28
Let s be 3 + (-12)/54 + (-573)/108*-4. Let j(y) = y**2 - 2*y - 7. Let v be j(5). What is the highest common divisor of v and s?
8
Let v(g) = 3*g - 5. Let r be v(4). Suppose -r*j + 514 = -11. What is the greatest common factor of 25 and j?
25
Suppose 2*x + 0*x - 8 = 0, 3*n = 3*x. What is the highest common factor of n and 72?
4
Let o(y) = y**2 + 2*y + 4. Let t be o(-4). Let n = -32 - -92. Suppose 0*l + 5*l = n. What is the greatest common divisor of l and t?
12
Let g = 80 - 10. Suppose -2*i + g = 4. What is the greatest common factor of 33 and i?
33
Let l(u) = u**3 - 12*u**2 + 28*u - 33. Let m be l(10). Calculate the greatest common divisor of m and 94.
47
Let p(a) = -a**2 - 18*a + 442. Let y be p(-31). Calculate the greatest common divisor of 1131 and y.
39
Suppose 0 = -3*z - 6*b + 3*b, -18 = 3*z - 3*b. Let t be (-1131)/(-9) + z/(-9). What is the highest common factor of 7 and t?
7
Let j = 371 + -355. What is the highest common factor of 80 and j?
16
Suppose -2*i + 6*i + 572 = 0. Let b be i + 3 + (-1)/1. Let q = b - -351. What is the highest common divisor of 30 and q?
30
Let g(r) = 11*r**2 - 10*r + 8. Let l be g(4). Let c = 44 + -26. Calculate the highest common divisor of c and l.
18
Let q = 3382 + -2299. Calculate the greatest common divisor of 114 and q.
57
Suppose 0 = -u + 2*h + 3*h + 234, -u + 218 = 3*h. Let c be (294/(-35))/(12/(-40)). Calculate the highest common factor of u and c.
28
Let j be 2*-5*6/12 - -81. What is the highest common divisor of j and 114?
38
Let g(v) = -28*v**3 - 1. Let j be g(-1). Suppose -3*b = -5*b - 2*i + 16, -2*i - 2 = -4*b. What is the greatest common factor of b and j?
3
Let o be 114 - 8/20*5. Let p be ((-88)/12)/(2/(-3)). Suppose -5 = -g + p. Calculate the highest common factor of g and o.
16
Suppose 4*b - 5*u + 5 = 16, 2*b - 9 = -u. Let w = -5 + b. Let v be (-29 + w)*(-1)/2. Calculate the greatest common divisor of 15 and v.
15
Let g be 4 - -